[INFO] cloning repository https://github.com/jakerr/cryptopals-rust
[INFO] running `Command { std: "git" "-c" "credential.helper=" "-c" "credential.helper=/workspace/cargo-home/bin/git-credential-null" "clone" "--bare" "https://github.com/jakerr/cryptopals-rust" "/workspace/cache/git-repos/https%3A%2F%2Fgithub.com%2Fjakerr%2Fcryptopals-rust", kill_on_drop: false }`
[INFO] [stderr] Cloning into bare repository '/workspace/cache/git-repos/https%3A%2F%2Fgithub.com%2Fjakerr%2Fcryptopals-rust'...
[INFO] running `Command { std: "git" "rev-parse" "HEAD", kill_on_drop: false }`
[INFO] [stdout] e69da5bfe5e3a168e6b461ac441b8f54945ac74c
[INFO] checking jakerr/cryptopals-rust against try#72f88fc4e9458f89516a0b8b0868f3718aec5b47 for pr-74989
[INFO] running `Command { std: "git" "clone" "/workspace/cache/git-repos/https%3A%2F%2Fgithub.com%2Fjakerr%2Fcryptopals-rust" "/workspace/builds/worker-13/source", kill_on_drop: false }`
[INFO] [stderr] Cloning into '/workspace/builds/worker-13/source'...
[INFO] [stderr] done.
[INFO] validating manifest of git repo https://github.com/jakerr/cryptopals-rust on toolchain 72f88fc4e9458f89516a0b8b0868f3718aec5b47
[INFO] running `Command { std: "/workspace/cargo-home/bin/cargo" "+72f88fc4e9458f89516a0b8b0868f3718aec5b47" "read-manifest" "--manifest-path" "Cargo.toml", kill_on_drop: false }`
[INFO] started tweaking git repo https://github.com/jakerr/cryptopals-rust
[INFO] finished tweaking git repo https://github.com/jakerr/cryptopals-rust
[INFO] tweaked toml for git repo https://github.com/jakerr/cryptopals-rust written to /workspace/builds/worker-13/source/Cargo.toml
[INFO] crate git repo https://github.com/jakerr/cryptopals-rust already has a lockfile, it will not be regenerated
[INFO] running `Command { std: "/workspace/cargo-home/bin/cargo" "+72f88fc4e9458f89516a0b8b0868f3718aec5b47" "fetch" "--locked" "--manifest-path" "Cargo.toml", kill_on_drop: false }`
[INFO] [stderr] error: the lock file /workspace/builds/worker-13/source/Cargo.lock needs to be updated but --locked was passed to prevent this
[INFO] [stderr] If you want to try to generate the lock file without accessing the network, use the --offline flag.
[INFO] the lockfile is outdated, regenerating it
[INFO] running `Command { std: "/workspace/cargo-home/bin/cargo" "+72f88fc4e9458f89516a0b8b0868f3718aec5b47" "generate-lockfile" "--manifest-path" "Cargo.toml" "-Zno-index-update", kill_on_drop: false }`
[INFO] running `Command { std: "/workspace/cargo-home/bin/cargo" "+72f88fc4e9458f89516a0b8b0868f3718aec5b47" "fetch" "--locked" "--manifest-path" "Cargo.toml", kill_on_drop: false }`
[INFO] running `Command { std: "docker" "create" "-v" "/var/lib/crater-agent-workspace/builds/worker-13/target:/opt/rustwide/target:rw,Z" "-v" "/var/lib/crater-agent-workspace/builds/worker-13/source:/opt/rustwide/workdir:ro,Z" "-v" "/var/lib/crater-agent-workspace/cargo-home:/opt/rustwide/cargo-home:ro,Z" "-v" "/var/lib/crater-agent-workspace/rustup-home:/opt/rustwide/rustup-home:ro,Z" "-e" "SOURCE_DIR=/opt/rustwide/workdir" "-e" "CARGO_TARGET_DIR=/opt/rustwide/target" "-e" "CARGO_HOME=/opt/rustwide/cargo-home" "-e" "RUSTUP_HOME=/opt/rustwide/rustup-home" "-w" "/opt/rustwide/workdir" "-m" "1610612736" "--user" "0:0" "--network" "none" "rustops/crates-build-env@sha256:d92eaeed33fa75130ca1ee6c8a01d1ffb62bac859dfdfb3450e3e5d1c0146529" "/opt/rustwide/cargo-home/bin/cargo" "+72f88fc4e9458f89516a0b8b0868f3718aec5b47" "metadata" "--no-deps" "--format-version=1", kill_on_drop: false }`
[INFO] [stdout] d356600a0a5567e4dce84625ae83d8555d1576376058f92a9731bc9fb7230de9
[INFO] [stderr] WARNING: Your kernel does not support swap limit capabilities or the cgroup is not mounted. Memory limited without swap.
[INFO] running `Command { std: "docker" "start" "-a" "d356600a0a5567e4dce84625ae83d8555d1576376058f92a9731bc9fb7230de9", kill_on_drop: false }`
[INFO] running `Command { std: "docker" "inspect" "d356600a0a5567e4dce84625ae83d8555d1576376058f92a9731bc9fb7230de9", kill_on_drop: false }`
[INFO] running `Command { std: "docker" "rm" "-f" "d356600a0a5567e4dce84625ae83d8555d1576376058f92a9731bc9fb7230de9", kill_on_drop: false }`
[INFO] [stdout] d356600a0a5567e4dce84625ae83d8555d1576376058f92a9731bc9fb7230de9
[INFO] running `Command { std: "docker" "create" "-v" "/var/lib/crater-agent-workspace/builds/worker-13/target:/opt/rustwide/target:rw,Z" "-v" "/var/lib/crater-agent-workspace/builds/worker-13/source:/opt/rustwide/workdir:ro,Z" "-v" "/var/lib/crater-agent-workspace/cargo-home:/opt/rustwide/cargo-home:ro,Z" "-v" "/var/lib/crater-agent-workspace/rustup-home:/opt/rustwide/rustup-home:ro,Z" "-e" "SOURCE_DIR=/opt/rustwide/workdir" "-e" "CARGO_TARGET_DIR=/opt/rustwide/target" "-e" "CARGO_INCREMENTAL=0" "-e" "RUST_BACKTRACE=full" "-e" "RUSTFLAGS=--cap-lints=forbid" "-e" "CARGO_HOME=/opt/rustwide/cargo-home" "-e" "RUSTUP_HOME=/opt/rustwide/rustup-home" "-w" "/opt/rustwide/workdir" "-m" "1610612736" "--user" "0:0" "--network" "none" "rustops/crates-build-env@sha256:d92eaeed33fa75130ca1ee6c8a01d1ffb62bac859dfdfb3450e3e5d1c0146529" "/opt/rustwide/cargo-home/bin/cargo" "+72f88fc4e9458f89516a0b8b0868f3718aec5b47" "check" "--frozen" "--all" "--all-targets" "--message-format=json", kill_on_drop: false }`
[INFO] [stdout] 612983f14756ddc8ab2fc5d870b1df38ca87c7080120221d65bb801420081fd2
[INFO] [stderr] WARNING: Your kernel does not support swap limit capabilities or the cgroup is not mounted. Memory limited without swap.
[INFO] running `Command { std: "docker" "start" "-a" "612983f14756ddc8ab2fc5d870b1df38ca87c7080120221d65bb801420081fd2", kill_on_drop: false }`
[INFO] [stderr]    Compiling openssl-sys v0.9.58
[INFO] [stderr]    Compiling openssl v0.10.30
[INFO] [stderr]     Checking cryptopals v0.1.0 (/opt/rustwide/workdir)
[INFO] [stdout] warning: `...` range patterns are deprecated
[INFO] [stdout]  --> src/conversions.rs:7:12
[INFO] [stdout]   |
[INFO] [stdout] 7 |         0x0...0x9 => (short + '0' as u8) as char,
[INFO] [stdout]   |            ^^^ help: use `..=` for an inclusive range
[INFO] [stdout]   |
[INFO] [stdout]   = note: `#[warn(ellipsis_inclusive_range_patterns)]` on by default
[INFO] [stdout] 
[INFO] [stdout] 
[INFO] [stdout] warning: `...` range patterns are deprecated
[INFO] [stdout]  --> src/conversions.rs:8:12
[INFO] [stdout]   |
[INFO] [stdout] 8 |         0xa...0xf => (short - 0xa + 'a' as u8) as char,
[INFO] [stdout]   |            ^^^ help: use `..=` for an inclusive range
[INFO] [stdout] 
[INFO] [stdout] 
[INFO] [stdout] warning: `...` range patterns are deprecated
[INFO] [stdout]   --> src/conversions.rs:16:12
[INFO] [stdout]    |
[INFO] [stdout] 16 |         '0'...'9' => (c as u8 - '0' as u8),
[INFO] [stdout]    |            ^^^ help: use `..=` for an inclusive range
[INFO] [stdout] 
[INFO] [stdout] 
[INFO] [stdout] warning: `...` range patterns are deprecated
[INFO] [stdout]   --> src/conversions.rs:17:12
[INFO] [stdout]    |
[INFO] [stdout] 17 |         'a'...'f' => 10 + (c as u8 - 'a' as u8),
[INFO] [stdout]    |            ^^^ help: use `..=` for an inclusive range
[INFO] [stdout] 
[INFO] [stdout] 
[INFO] [stdout] error[E0433]: failed to resolve: could not find `crypto` in `openssl`
[INFO] [stdout]  --> src/challenges/c07_aes_in_ecb_mode.rs:4:18
[INFO] [stdout]   |
[INFO] [stdout] 4 |     use openssl::crypto::symm::{Crypter, Type, Mode};
[INFO] [stdout]   |                  ^^^^^^ could not find `crypto` in `openssl`
[INFO] [stdout] 
[INFO] [stdout] 
[INFO] [stdout] error[E0433]: failed to resolve: use of undeclared type or module `Type`
[INFO] [stdout]   --> src/challenges/c07_aes_in_ecb_mode.rs:14:26
[INFO] [stdout]    |
[INFO] [stdout] 14 |     let c = Crypter::new(Type::AES_128_ECB);
[INFO] [stdout]    |                          ^^^^ use of undeclared type or module `Type`
[INFO] [stdout] 
[INFO] [stdout] 
[INFO] [stdout] error[E0433]: failed to resolve: use of undeclared type or module `Mode`
[INFO] [stdout]   --> src/challenges/c07_aes_in_ecb_mode.rs:15:12
[INFO] [stdout]    |
[INFO] [stdout] 15 |     c.init(Mode::Decrypt, KEY.as_bytes(), &[]);
[INFO] [stdout]    |            ^^^^ use of undeclared type or module `Mode`
[INFO] [stdout] 
[INFO] [stdout] 
[INFO] [stdout] error[E0433]: failed to resolve: use of undeclared type or module `Crypter`
[INFO] [stdout]   --> src/challenges/c07_aes_in_ecb_mode.rs:14:13
[INFO] [stdout]    |
[INFO] [stdout] 14 |     let c = Crypter::new(Type::AES_128_ECB);
[INFO] [stdout]    |             ^^^^^^^ not found in this scope
[INFO] [stdout]    |
[INFO] [stdout] help: consider importing this struct
[INFO] [stdout]    |
[INFO] [stdout] 2  | use openssl::symm::Crypter;
[INFO] [stdout]    |
[INFO] [stdout] 
[INFO] [stdout] 
[INFO] [stdout] warning: `...` range patterns are deprecated
[INFO] [stdout]  --> src/conversions.rs:7:12
[INFO] [stdout]   |
[INFO] [stdout] 7 |         0x0...0x9 => (short + '0' as u8) as char,
[INFO] [stdout]   |            ^^^ help: use `..=` for an inclusive range
[INFO] [stdout]   |
[INFO] [stdout]   = note: `#[warn(ellipsis_inclusive_range_patterns)]` on by default
[INFO] [stdout] 
[INFO] [stdout] 
[INFO] [stdout] warning: `...` range patterns are deprecated
[INFO] [stdout]  --> src/conversions.rs:8:12
[INFO] [stdout]   |
[INFO] [stdout] 8 |         0xa...0xf => (short - 0xa + 'a' as u8) as char,
[INFO] [stdout]   |            ^^^ help: use `..=` for an inclusive range
[INFO] [stdout] 
[INFO] [stdout] 
[INFO] [stdout] warning: `...` range patterns are deprecated
[INFO] [stdout]   --> src/conversions.rs:16:12
[INFO] [stdout]    |
[INFO] [stdout] 16 |         '0'...'9' => (c as u8 - '0' as u8),
[INFO] [stdout]    |            ^^^ help: use `..=` for an inclusive range
[INFO] [stdout] 
[INFO] [stdout] 
[INFO] [stdout] warning: `...` range patterns are deprecated
[INFO] [stdout]   --> src/conversions.rs:17:12
[INFO] [stdout]    |
[INFO] [stdout] 17 |         'a'...'f' => 10 + (c as u8 - 'a' as u8),
[INFO] [stdout]    |            ^^^ help: use `..=` for an inclusive range
[INFO] [stdout] 
[INFO] [stdout] 
[INFO] [stdout] warning: 4 warnings emitted
[INFO] [stdout] 
[INFO] [stdout] 
[INFO] [stdout] error: aborting due to 4 previous errors; 4 warnings emitted
[INFO] [stdout] 
[INFO] [stdout] 
[INFO] [stdout] For more information about this error, try `rustc --explain E0433`.
[INFO] [stdout] 
[INFO] [stderr] error: could not compile `cryptopals`.
[INFO] [stderr] 
[INFO] [stderr] To learn more, run the command again with --verbose.
[INFO] [stderr] warning: build failed, waiting for other jobs to finish...
[INFO] [stderr] error: build failed
[INFO] running `Command { std: "docker" "inspect" "612983f14756ddc8ab2fc5d870b1df38ca87c7080120221d65bb801420081fd2", kill_on_drop: false }`
[INFO] running `Command { std: "docker" "rm" "-f" "612983f14756ddc8ab2fc5d870b1df38ca87c7080120221d65bb801420081fd2", kill_on_drop: false }`
[INFO] [stdout] 612983f14756ddc8ab2fc5d870b1df38ca87c7080120221d65bb801420081fd2
